{"id":7004,"date":"2017-05-25T10:29:21","date_gmt":"2017-05-25T15:29:21","guid":{"rendered":"http:\/\/172.16.1.2:8080\/sitio\/?page_id=7004"},"modified":"2023-11-19T12:49:24","modified_gmt":"2023-11-19T17:49:24","slug":"audiencias","status":"publish","type":"page","link":"https:\/\/www.contraloriameta.gov.co\/?page_id=7004","title":{"rendered":"Audiencias"},"content":{"rendered":"\t\t<div data-elementor-type=\"wp-page\" data-elementor-id=\"7004\" class=\"elementor elementor-7004\" data-elementor-post-type=\"page\">\n\t\t\t\t<div class=\"elementor-element elementor-element-764f0812 e-flex e-con-boxed e-con e-parent\" data-id=\"764f0812\" data-element_type=\"container\" data-e-type=\"container\">\n\t\t\t\t\t<div class=\"e-con-inner\">\n\t\t\t\t<div class=\"elementor-element elementor-element-865c45f elementor-widget elementor-widget-text-editor\" data-id=\"865c45f\" data-element_type=\"widget\" data-e-type=\"widget\" data-widget_type=\"text-editor.default\">\n\t\t\t\t<div class=\"elementor-widget-container\">\n\t\t\t\t\t\t\t\t\t<p><img fetchpriority=\"high\" decoding=\"async\" class=\"alignnone size-full wp-image-11346\" src=\"https:\/\/www.contraloriameta.gov.co\/wp-content\/uploads\/AUDIENCIAS.png\" alt=\"\" width=\"441\" height=\"430\" srcset=\"https:\/\/www.contraloriameta.gov.co\/wp-content\/uploads\/AUDIENCIAS.png 441w, https:\/\/www.contraloriameta.gov.co\/wp-content\/uploads\/AUDIENCIAS-300x293.png 300w\" sizes=\"(max-width: 441px) 100vw, 441px\" \/><\/p><h3>2019<\/h3><p><a href=\"http:\/\/www.contraloriameta.gov.co\/sitio\/?page_id=2796\">Rendiciones de cuentas de la entidad<\/a><\/p><h3>2018<\/h3><p><a href=\"http:\/\/web.contraloriameta.gov.co\/sitio\/?page_id=9736\">Ver documentos Audiencia P\u00fablica de Rendici\u00f3n de Cuentas Vigencia 2017<\/a><\/p><p>[download id=\u00bb12460&#8243;]<\/p><h3>2017<\/h3><p><a href=\"http:\/\/web.contraloriameta.gov.co\/sitio\/?page_id=8425\">Ver documentos Audiencia P\u00fablica de Rendici\u00f3n de Cuentas Vigencia 2016<\/a><\/p><h3>2016<\/h3><p><a href=\"http:\/\/web.contraloriameta.gov.co\/sitio\/?page_id=8431\">Ver documentos Audiencia P\u00fablica de Rendici\u00f3n de Cuentas Vigencia 2015<\/a><\/p><h3>2015<\/h3><p><a class=\"external-link-new-window\" title=\"external-link-new-window\" href=\"https:\/\/prezi.com\/r7yv9onekimi\/contraloria-departamental-del-meta\/\" target=\"_blank\" rel=\"noopener\">Presentaci\u00f3n de audiencia p\u00fablica de rendici\u00f3n de cuentas y gesti\u00f3n vigencia 2014.<\/a><\/p><p><a title=\"[application\/pdf]\" href=\"http:\/\/web.contraloriameta.gov.co\/site\/index.php?id=146&amp;eID=dam_frontend_push&amp;docID=1947\">Acta_de_Rendicion_de_Cuentas__vigencia_2014.pdf<\/a><\/p><p><a title=\"[application\/pdf]\" href=\"http:\/\/web.contraloriameta.gov.co\/site\/index.php?id=146&amp;eID=dam_frontend_push&amp;docID=1883\">Audiencia_Publica_Rendicion_de_Cuenta_2014.pdf<\/a><\/p><p><a title=\"[application\/msword]\" href=\"http:\/\/web.contraloriameta.gov.co\/site\/index.php?id=146&amp;eID=dam_frontend_push&amp;docID=1922\">INVITACION__AUDIENCIA_para_la_web_y_correos_electronicos.doc<\/a><\/p><p><a title=\"[application\/msword]\" href=\"http:\/\/web.contraloriameta.gov.co\/site\/index.php?id=146&amp;eID=dam_frontend_push&amp;docID=1923\">GUIA_AUDIENCIA_PUBLICA_R.C._para_ciudadanos..doc<\/a><\/p><p><a title=\"[application\/msword]\" href=\"http:\/\/web.contraloriameta.gov.co\/site\/index.php?id=146&amp;eID=dam_frontend_push&amp;docID=1924\">ORDEN_DEL_DIA_AUDIENCIA_-_REGLAS_AUDIENCIA.doc<\/a><\/p><h3>2014<\/h3><p><a title=\"[application\/pdf]\" href=\"http:\/\/web.contraloriameta.gov.co\/site\/index.php?id=146&amp;eID=dam_frontend_push&amp;docID=1606\">Acta_Audiencia_Rendicion_de_Cuentas_Vigencia_2013.pdf<\/a><\/p><p><a title=\"external-link-new-window\" href=\"http:\/\/prezi.com\/g2-d8sybzyxp\/?utm_campaign=share&amp;utm_medium=copy&amp;rc=ex0share\" target=\"_blank\" rel=\"noopener\">Presentaci\u00f3n de audiencia p\u00fablica de rendici\u00f3n de cuentas y gesti\u00f3n.<\/a><\/p><h3>2013<\/h3><p><a class=\"_blank\" title=\"external-link-new-window\" href=\"http:\/\/prezi.com\/3cfvferrdfa-\/cdm-2012\/\" target=\"_blank\" rel=\"noopener\">Presentaci\u00f3n de audiencia p\u00fablica de rendici\u00f3n de cuentas y gesti\u00f3n. <\/a><\/p><p><a href=\"http:\/\/web.contraloriameta.gov.co\/site\/uploads\/media\/Acta_Audiencia_Rendicion_de_Cuentas_Vigencia_2012.pdf\"><span class=\"csc-uploads-fileName\">Acta_Audiencia_Rendicion_de_Cuentas_Vigencia_2012.pdf<\/span><\/a><\/p><h3>RENDICI\u00d3N DE CUENTAS<\/h3>\t\t\t\t\t\t\t\t<\/div>\n\t\t\t\t<\/div>\n\t\t\t\t\t<\/div>\n\t\t\t\t<\/div>\n\t\t\t\t<\/div>\n\t\t","protected":false},"excerpt":{"rendered":"<p>2019 Rendiciones de cuentas de la entidad 2018 Ver documentos Audiencia P\u00fablica de Rendici\u00f3n de Cuentas Vigencia 2017 [download id=\u00bb12460&#8243;] 2017 Ver documentos Audiencia P\u00fablica de Rendici\u00f3n de Cuentas Vigencia 2016 2016 Ver documentos Audiencia P\u00fablica de Rendici\u00f3n de Cuentas Vigencia 2015 2015 Presentaci\u00f3n de audiencia p\u00fablica de rendici\u00f3n de cuentas y gesti\u00f3n vigencia 2014. [&hellip;]<\/p>\n","protected":false},"author":6,"featured_media":0,"parent":6981,"menu_order":0,"comment_status":"closed","ping_status":"closed","template":"","meta":{"footnotes":""},"class_list":["post-7004","page","type-page","status-publish","hentry"],"yoast_head":"<!-- This site is optimized with the Yoast SEO plugin v27.2 - https:\/\/yoast.com\/product\/yoast-seo-wordpress\/ -->\n<title>Audiencias - Contralor\u00eda Departamental del Meta<\/title>\n<meta name=\"robots\" content=\"index, follow, max-snippet:-1, max-image-preview:large, max-video-preview:-1\" \/>\n<link rel=\"canonical\" href=\"https:\/\/www.contraloriameta.gov.co\/?page_id=7004\" \/>\n<meta property=\"og:locale\" content=\"es_ES\" \/>\n<meta property=\"og:type\" content=\"article\" \/>\n<meta property=\"og:title\" content=\"Audiencias - Contralor\u00eda Departamental del Meta\" \/>\n<meta property=\"og:description\" content=\"2019 Rendiciones de cuentas de la entidad 2018 Ver documentos Audiencia P\u00fablica de Rendici\u00f3n de Cuentas Vigencia 2017 [download id=\u00bb12460&#8243;] 2017 Ver documentos Audiencia P\u00fablica de Rendici\u00f3n de Cuentas Vigencia 2016 2016 Ver documentos Audiencia P\u00fablica de Rendici\u00f3n de Cuentas Vigencia 2015 2015 Presentaci\u00f3n de audiencia p\u00fablica de rendici\u00f3n de cuentas y gesti\u00f3n vigencia 2014. [&hellip;]\" \/>\n<meta property=\"og:url\" content=\"https:\/\/www.contraloriameta.gov.co\/?page_id=7004\" \/>\n<meta property=\"og:site_name\" content=\"Contralor\u00eda Departamental del Meta\" \/>\n<meta property=\"article:publisher\" content=\"https:\/\/www.facebook.com\/ContraloriaMeta\" \/>\n<meta property=\"article:modified_time\" content=\"2023-11-19T17:49:24+00:00\" \/>\n<meta property=\"og:image\" content=\"https:\/\/www.contraloriameta.gov.co\/wp-content\/uploads\/AUDIENCIAS.png\" \/>\n<meta name=\"twitter:card\" content=\"summary_large_image\" \/>\n<meta name=\"twitter:site\" content=\"@ContraloriaMeta\" \/>\n<meta name=\"twitter:label1\" content=\"Tiempo de lectura\" \/>\n\t<meta name=\"twitter:data1\" content=\"1 minuto\" \/>\n<script type=\"application\/ld+json\" class=\"yoast-schema-graph\">{\"@context\":\"https:\/\/schema.org\",\"@graph\":[{\"@type\":\"WebPage\",\"@id\":\"https:\/\/www.contraloriameta.gov.co\/?page_id=7004\",\"url\":\"https:\/\/www.contraloriameta.gov.co\/?page_id=7004\",\"name\":\"Audiencias - Contralor\u00eda Departamental del Meta\",\"isPartOf\":{\"@id\":\"https:\/\/www.contraloriameta.gov.co\/#website\"},\"primaryImageOfPage\":{\"@id\":\"https:\/\/www.contraloriameta.gov.co\/?page_id=7004#primaryimage\"},\"image\":{\"@id\":\"https:\/\/www.contraloriameta.gov.co\/?page_id=7004#primaryimage\"},\"thumbnailUrl\":\"https:\/\/www.contraloriameta.gov.co\/wp-content\/uploads\/AUDIENCIAS.png\",\"datePublished\":\"2017-05-25T15:29:21+00:00\",\"dateModified\":\"2023-11-19T17:49:24+00:00\",\"breadcrumb\":{\"@id\":\"https:\/\/www.contraloriameta.gov.co\/?page_id=7004#breadcrumb\"},\"inLanguage\":\"es\",\"potentialAction\":[{\"@type\":\"ReadAction\",\"target\":[\"https:\/\/www.contraloriameta.gov.co\/?page_id=7004\"]}]},{\"@type\":\"ImageObject\",\"inLanguage\":\"es\",\"@id\":\"https:\/\/www.contraloriameta.gov.co\/?page_id=7004#primaryimage\",\"url\":\"https:\/\/www.contraloriameta.gov.co\/wp-content\/uploads\/AUDIENCIAS.png\",\"contentUrl\":\"https:\/\/www.contraloriameta.gov.co\/wp-content\/uploads\/AUDIENCIAS.png\",\"width\":441,\"height\":430},{\"@type\":\"BreadcrumbList\",\"@id\":\"https:\/\/www.contraloriameta.gov.co\/?page_id=7004#breadcrumb\",\"itemListElement\":[{\"@type\":\"ListItem\",\"position\":1,\"name\":\"Portada\",\"item\":\"https:\/\/www.contraloriameta.gov.co\/\"},{\"@type\":\"ListItem\",\"position\":2,\"name\":\"Ciudadan\u00eda\",\"item\":\"https:\/\/www.contraloriameta.gov.co\/?page_id=43\"},{\"@type\":\"ListItem\",\"position\":3,\"name\":\"Satisfacci\u00f3n del Cliente\",\"item\":\"https:\/\/www.contraloriameta.gov.co\/?page_id=6981\"},{\"@type\":\"ListItem\",\"position\":4,\"name\":\"Audiencias\"}]},{\"@type\":\"WebSite\",\"@id\":\"https:\/\/www.contraloriameta.gov.co\/#website\",\"url\":\"https:\/\/www.contraloriameta.gov.co\/\",\"name\":\"Contralor\u00eda Departamental del Meta\",\"description\":\"\",\"publisher\":{\"@id\":\"https:\/\/www.contraloriameta.gov.co\/#organization\"},\"potentialAction\":[{\"@type\":\"SearchAction\",\"target\":{\"@type\":\"EntryPoint\",\"urlTemplate\":\"https:\/\/www.contraloriameta.gov.co\/?s={search_term_string}\"},\"query-input\":{\"@type\":\"PropertyValueSpecification\",\"valueRequired\":true,\"valueName\":\"search_term_string\"}}],\"inLanguage\":\"es\"},{\"@type\":\"Organization\",\"@id\":\"https:\/\/www.contraloriameta.gov.co\/#organization\",\"name\":\"Contralor\u00eda Departamental del Meta\",\"url\":\"https:\/\/www.contraloriameta.gov.co\/\",\"logo\":{\"@type\":\"ImageObject\",\"inLanguage\":\"es\",\"@id\":\"https:\/\/www.contraloriameta.gov.co\/#\/schema\/logo\/image\/\",\"url\":\"https:\/\/www.contraloriameta.gov.co\/wp-content\/uploads\/LOGO_CDM_01.jpg\",\"contentUrl\":\"https:\/\/www.contraloriameta.gov.co\/wp-content\/uploads\/LOGO_CDM_01.jpg\",\"width\":2372,\"height\":876,\"caption\":\"Contralor\u00eda Departamental del Meta\"},\"image\":{\"@id\":\"https:\/\/www.contraloriameta.gov.co\/#\/schema\/logo\/image\/\"},\"sameAs\":[\"https:\/\/www.facebook.com\/ContraloriaMeta\",\"https:\/\/x.com\/ContraloriaMeta\",\"https:\/\/instagram.com\/contraloria.meta\"]}]}<\/script>\n<!-- \/ Yoast SEO plugin. -->","yoast_head_json":{"title":"Audiencias - Contralor\u00eda Departamental del Meta","robots":{"index":"index","follow":"follow","max-snippet":"max-snippet:-1","max-image-preview":"max-image-preview:large","max-video-preview":"max-video-preview:-1"},"canonical":"https:\/\/www.contraloriameta.gov.co\/?page_id=7004","og_locale":"es_ES","og_type":"article","og_title":"Audiencias - Contralor\u00eda Departamental del Meta","og_description":"2019 Rendiciones de cuentas de la entidad 2018 Ver documentos Audiencia P\u00fablica de Rendici\u00f3n de Cuentas Vigencia 2017 [download id=\u00bb12460&#8243;] 2017 Ver documentos Audiencia P\u00fablica de Rendici\u00f3n de Cuentas Vigencia 2016 2016 Ver documentos Audiencia P\u00fablica de Rendici\u00f3n de Cuentas Vigencia 2015 2015 Presentaci\u00f3n de audiencia p\u00fablica de rendici\u00f3n de cuentas y gesti\u00f3n vigencia 2014. [&hellip;]","og_url":"https:\/\/www.contraloriameta.gov.co\/?page_id=7004","og_site_name":"Contralor\u00eda Departamental del Meta","article_publisher":"https:\/\/www.facebook.com\/ContraloriaMeta","article_modified_time":"2023-11-19T17:49:24+00:00","og_image":[{"url":"https:\/\/www.contraloriameta.gov.co\/wp-content\/uploads\/AUDIENCIAS.png","type":"","width":"","height":""}],"twitter_card":"summary_large_image","twitter_site":"@ContraloriaMeta","twitter_misc":{"Tiempo de lectura":"1 minuto"},"schema":{"@context":"https:\/\/schema.org","@graph":[{"@type":"WebPage","@id":"https:\/\/www.contraloriameta.gov.co\/?page_id=7004","url":"https:\/\/www.contraloriameta.gov.co\/?page_id=7004","name":"Audiencias - Contralor\u00eda Departamental del Meta","isPartOf":{"@id":"https:\/\/www.contraloriameta.gov.co\/#website"},"primaryImageOfPage":{"@id":"https:\/\/www.contraloriameta.gov.co\/?page_id=7004#primaryimage"},"image":{"@id":"https:\/\/www.contraloriameta.gov.co\/?page_id=7004#primaryimage"},"thumbnailUrl":"https:\/\/www.contraloriameta.gov.co\/wp-content\/uploads\/AUDIENCIAS.png","datePublished":"2017-05-25T15:29:21+00:00","dateModified":"2023-11-19T17:49:24+00:00","breadcrumb":{"@id":"https:\/\/www.contraloriameta.gov.co\/?page_id=7004#breadcrumb"},"inLanguage":"es","potentialAction":[{"@type":"ReadAction","target":["https:\/\/www.contraloriameta.gov.co\/?page_id=7004"]}]},{"@type":"ImageObject","inLanguage":"es","@id":"https:\/\/www.contraloriameta.gov.co\/?page_id=7004#primaryimage","url":"https:\/\/www.contraloriameta.gov.co\/wp-content\/uploads\/AUDIENCIAS.png","contentUrl":"https:\/\/www.contraloriameta.gov.co\/wp-content\/uploads\/AUDIENCIAS.png","width":441,"height":430},{"@type":"BreadcrumbList","@id":"https:\/\/www.contraloriameta.gov.co\/?page_id=7004#breadcrumb","itemListElement":[{"@type":"ListItem","position":1,"name":"Portada","item":"https:\/\/www.contraloriameta.gov.co\/"},{"@type":"ListItem","position":2,"name":"Ciudadan\u00eda","item":"https:\/\/www.contraloriameta.gov.co\/?page_id=43"},{"@type":"ListItem","position":3,"name":"Satisfacci\u00f3n del Cliente","item":"https:\/\/www.contraloriameta.gov.co\/?page_id=6981"},{"@type":"ListItem","position":4,"name":"Audiencias"}]},{"@type":"WebSite","@id":"https:\/\/www.contraloriameta.gov.co\/#website","url":"https:\/\/www.contraloriameta.gov.co\/","name":"Contralor\u00eda Departamental del Meta","description":"","publisher":{"@id":"https:\/\/www.contraloriameta.gov.co\/#organization"},"potentialAction":[{"@type":"SearchAction","target":{"@type":"EntryPoint","urlTemplate":"https:\/\/www.contraloriameta.gov.co\/?s={search_term_string}"},"query-input":{"@type":"PropertyValueSpecification","valueRequired":true,"valueName":"search_term_string"}}],"inLanguage":"es"},{"@type":"Organization","@id":"https:\/\/www.contraloriameta.gov.co\/#organization","name":"Contralor\u00eda Departamental del Meta","url":"https:\/\/www.contraloriameta.gov.co\/","logo":{"@type":"ImageObject","inLanguage":"es","@id":"https:\/\/www.contraloriameta.gov.co\/#\/schema\/logo\/image\/","url":"https:\/\/www.contraloriameta.gov.co\/wp-content\/uploads\/LOGO_CDM_01.jpg","contentUrl":"https:\/\/www.contraloriameta.gov.co\/wp-content\/uploads\/LOGO_CDM_01.jpg","width":2372,"height":876,"caption":"Contralor\u00eda Departamental del Meta"},"image":{"@id":"https:\/\/www.contraloriameta.gov.co\/#\/schema\/logo\/image\/"},"sameAs":["https:\/\/www.facebook.com\/ContraloriaMeta","https:\/\/x.com\/ContraloriaMeta","https:\/\/instagram.com\/contraloria.meta"]}]}},"_links":{"self":[{"href":"https:\/\/www.contraloriameta.gov.co\/index.php?rest_route=\/wp\/v2\/pages\/7004","targetHints":{"allow":["GET"]}}],"collection":[{"href":"https:\/\/www.contraloriameta.gov.co\/index.php?rest_route=\/wp\/v2\/pages"}],"about":[{"href":"https:\/\/www.contraloriameta.gov.co\/index.php?rest_route=\/wp\/v2\/types\/page"}],"author":[{"embeddable":true,"href":"https:\/\/www.contraloriameta.gov.co\/index.php?rest_route=\/wp\/v2\/users\/6"}],"replies":[{"embeddable":true,"href":"https:\/\/www.contraloriameta.gov.co\/index.php?rest_route=%2Fwp%2Fv2%2Fcomments&post=7004"}],"version-history":[{"count":0,"href":"https:\/\/www.contraloriameta.gov.co\/index.php?rest_route=\/wp\/v2\/pages\/7004\/revisions"}],"up":[{"embeddable":true,"href":"https:\/\/www.contraloriameta.gov.co\/index.php?rest_route=\/wp\/v2\/pages\/6981"}],"wp:attachment":[{"href":"https:\/\/www.contraloriameta.gov.co\/index.php?rest_route=%2Fwp%2Fv2%2Fmedia&parent=7004"}],"curies":[{"name":"wp","href":"https:\/\/api.w.org\/{rel}","templated":true}]}}