{"id":6848,"date":"2022-03-08T09:03:49","date_gmt":"2022-03-08T14:03:49","guid":{"rendered":"http:\/\/172.16.1.2:8080\/sitio\/?page_id=6848"},"modified":"2023-11-19T22:12:59","modified_gmt":"2023-11-20T03:12:59","slug":"tramites-y-solicitudes","status":"publish","type":"page","link":"https:\/\/www.contraloriameta.gov.co\/?page_id=6848","title":{"rendered":"Tr\u00e1mites y Solicitudes"},"content":{"rendered":"\t\t<div data-elementor-type=\"wp-page\" data-elementor-id=\"6848\" class=\"elementor elementor-6848\" data-elementor-post-type=\"page\">\n\t\t\t\t<div class=\"elementor-element elementor-element-5063076f e-flex e-con-boxed e-con e-parent\" data-id=\"5063076f\" data-element_type=\"container\" data-e-type=\"container\">\n\t\t\t\t\t<div class=\"e-con-inner\">\n\t\t\t\t<div class=\"elementor-element elementor-element-3efe0f4 elementor-widget elementor-widget-text-editor\" data-id=\"3efe0f4\" data-element_type=\"widget\" data-e-type=\"widget\" data-widget_type=\"text-editor.default\">\n\t\t\t\t<div class=\"elementor-widget-container\">\n\t\t\t\t\t\t\t\t\t<p style=\"font-weight: 400;\"><span style=\"color: #ff0000;\"><strong>La Contralor\u00eda Departamental del Meta no tiene tr\u00e1mites y servicios a su cargo, toda vez que los \u00d3rganos de Control Fiscal no adelantan tr\u00e1mites y de conformidad a la Ley 962 de 2005 y Decreto 019 de 2012 como Ente de Control esta exento\u00a0de lo correspondiente. Usted podr\u00e1 encontrar portafolio de servicios para que conozca acerca de nuestra competencia:<\/strong><\/span><\/p><table style=\"width: 100%;\"><tbody><tr style=\"height: 22px;\"><td style=\"background-color: #2d345a; text-align: center; height: 22px; width: 516px;\"><strong><span style=\"color: #ffffff;\"> Documento<\/span><\/strong><\/td><td style=\"background-color: #2d345a; text-align: center; height: 22px; width: 257px;\"><strong><span style=\"color: #ffffff;\"> Fecha<\/span><\/strong><\/td><\/tr><tr style=\"height: 66px;\"><td style=\"background-color: #ffffff; height: 66px; width: 516px; text-align: justify;\"><strong>Acuerdos y protocolos eticos CDM\u00a0<\/strong><\/td><td style=\"background-color: #ffffff; height: 66px; width: 257px; text-align: justify;\">11\u00a0de marzo de 2022<\/td><\/tr><tr style=\"height: 66px;\"><td style=\"background-color: #ffffff; height: 66px; width: 516px; text-align: justify;\"><strong>Carta de trato digno al ciudadano\u00a0 2022<\/strong><\/td><td style=\"background-color: #ffffff; height: 66px; width: 257px; text-align: justify;\">08 de marzo de 2022<\/td><\/tr><tr style=\"height: 66px;\"><td style=\"background-color: #ffffff; height: 66px; width: 516px; text-align: justify;\"><strong>Portafolio de Servicios de la Contralor\u00eda Departamental del Meta<\/strong><\/td><td style=\"background-color: #ffffff; height: 66px; width: 257px; text-align: justify;\">[download_data id=\u00bb6858&#8243; data=\u00bbfile_date\u00bb]<\/td><\/tr><tr style=\"height: 66px;\"><td style=\"background-color: #d3e3f2; height: 66px; width: 516px; text-align: justify;\"><strong>Resoluci\u00f3n N\u00b0 694 del 2016,\u00a0<\/strong>Por la cual se fijan directrices para la reproducci\u00f3n de la informaci\u00f3n que se expida a personas interesadas al interior de la Contralor\u00eda Departamental del Meta.<\/td><td style=\"background-color: #d3e3f2; height: 66px; width: 257px;\">[download_data id=\u00bb9822&#8243; data=\u00bbfile_date\u00bb]<\/td><\/tr><tr style=\"height: 66px;\"><td style=\"background-color: #ffffff; height: 66px; width: 516px;\"><strong>Carta de Trato Digno al Ciudadano\u00a0<\/strong><\/td><td style=\"background-color: #ffffff; height: 66px; width: 257px;\">28 Febrero, 2019<\/td><\/tr><tr style=\"height: 66px;\"><td style=\"background-color: #d3e3f2; height: 66px; width: 516px;\"><strong>Protocolo de atenci\u00f3n y servicio al ciudadano<\/strong><\/td><td style=\"background-color: #d3e3f2; height: 66px; width: 257px;\">[download_data id=\u00bb19617&#8243; data=\u00bbfile_date\u00bb]<\/td><\/tr><tr style=\"height: 66px;\"><td style=\"background-color: #ffffff; height: 66px; width: 516px;\"><strong>Protocolo de atenci\u00f3n y servicio al ciudadano preferencial<\/strong><\/td><td style=\"background-color: #ffffff; height: 66px; width: 257px;\">[download_data id=\u00bb6489&#8243; data=\u00bbfile_date\u00bb]<\/td><\/tr><\/tbody><\/table><p style=\"font-weight: 400;\">La Contralor\u00eda Departamental del Meta, cuenta con mecanismos id\u00f3neos para la atenci\u00f3n\u00a0de procedimientos,\u00a0en beneficio de la comunidad que fortalecen la participaci\u00f3n ciudadana, como \u00a0son:<\/p><ul><li style=\"font-weight: 400;\">Quejas<\/li><li style=\"font-weight: 400;\">Denuncias<\/li><li style=\"font-weight: 400;\">Reclamos<\/li><li style=\"font-weight: 400;\">Derechos de petici\u00f3n<\/li><\/ul><p style=\"font-weight: 400;\">Radicaci\u00f3n\u00a0de PQRS \u2013\u00a0<a href=\"http:\/\/web.contraloriameta.gov.co\/sitio\/?page_id=10553\">En l\u00ednea<\/a><\/p>\t\t\t\t\t\t\t\t<\/div>\n\t\t\t\t<\/div>\n\t\t\t\t\t<\/div>\n\t\t\t\t<\/div>\n\t\t\t\t<\/div>\n\t\t","protected":false},"excerpt":{"rendered":"<p>La Contralor\u00eda Departamental del Meta no tiene tr\u00e1mites y servicios a su cargo, toda vez que los \u00d3rganos de Control Fiscal no adelantan tr\u00e1mites y de conformidad a la Ley 962 de 2005 y Decreto 019 de 2012 como Ente de Control esta exento\u00a0de lo correspondiente. Usted podr\u00e1 encontrar portafolio de servicios para que conozca [&hellip;]<\/p>\n","protected":false},"author":6,"featured_media":0,"parent":43,"menu_order":0,"comment_status":"closed","ping_status":"closed","template":"","meta":{"footnotes":""},"class_list":["post-6848","page","type-page","status-publish","hentry"],"yoast_head":"<!-- This site is optimized with the Yoast SEO plugin v27.2 - https:\/\/yoast.com\/product\/yoast-seo-wordpress\/ -->\n<title>Tr\u00e1mites y Solicitudes - Contralor\u00eda Departamental del Meta<\/title>\n<meta name=\"robots\" content=\"index, follow, max-snippet:-1, max-image-preview:large, max-video-preview:-1\" \/>\n<link rel=\"canonical\" href=\"https:\/\/www.contraloriameta.gov.co\/?page_id=6848\" \/>\n<meta property=\"og:locale\" content=\"es_ES\" \/>\n<meta property=\"og:type\" content=\"article\" \/>\n<meta property=\"og:title\" content=\"Tr\u00e1mites y Solicitudes - Contralor\u00eda Departamental del Meta\" \/>\n<meta property=\"og:description\" content=\"La Contralor\u00eda Departamental del Meta no tiene tr\u00e1mites y servicios a su cargo, toda vez que los \u00d3rganos de Control Fiscal no adelantan tr\u00e1mites y de conformidad a la Ley 962 de 2005 y Decreto 019 de 2012 como Ente de Control esta exento\u00a0de lo correspondiente. Usted podr\u00e1 encontrar portafolio de servicios para que conozca [&hellip;]\" \/>\n<meta property=\"og:url\" content=\"https:\/\/www.contraloriameta.gov.co\/?page_id=6848\" \/>\n<meta property=\"og:site_name\" content=\"Contralor\u00eda Departamental del Meta\" \/>\n<meta property=\"article:publisher\" content=\"https:\/\/www.facebook.com\/ContraloriaMeta\" \/>\n<meta property=\"article:modified_time\" content=\"2023-11-20T03:12:59+00:00\" \/>\n<meta name=\"twitter:card\" content=\"summary_large_image\" \/>\n<meta name=\"twitter:site\" content=\"@ContraloriaMeta\" \/>\n<meta name=\"twitter:label1\" content=\"Tiempo de lectura\" \/>\n\t<meta name=\"twitter:data1\" content=\"1 minuto\" \/>\n<script type=\"application\/ld+json\" class=\"yoast-schema-graph\">{\"@context\":\"https:\/\/schema.org\",\"@graph\":[{\"@type\":\"WebPage\",\"@id\":\"https:\/\/www.contraloriameta.gov.co\/?page_id=6848\",\"url\":\"https:\/\/www.contraloriameta.gov.co\/?page_id=6848\",\"name\":\"Tr\u00e1mites y Solicitudes - Contralor\u00eda Departamental del Meta\",\"isPartOf\":{\"@id\":\"https:\/\/www.contraloriameta.gov.co\/#website\"},\"datePublished\":\"2022-03-08T14:03:49+00:00\",\"dateModified\":\"2023-11-20T03:12:59+00:00\",\"breadcrumb\":{\"@id\":\"https:\/\/www.contraloriameta.gov.co\/?page_id=6848#breadcrumb\"},\"inLanguage\":\"es\",\"potentialAction\":[{\"@type\":\"ReadAction\",\"target\":[\"https:\/\/www.contraloriameta.gov.co\/?page_id=6848\"]}]},{\"@type\":\"BreadcrumbList\",\"@id\":\"https:\/\/www.contraloriameta.gov.co\/?page_id=6848#breadcrumb\",\"itemListElement\":[{\"@type\":\"ListItem\",\"position\":1,\"name\":\"Portada\",\"item\":\"https:\/\/www.contraloriameta.gov.co\/\"},{\"@type\":\"ListItem\",\"position\":2,\"name\":\"Ciudadan\u00eda\",\"item\":\"https:\/\/www.contraloriameta.gov.co\/?page_id=43\"},{\"@type\":\"ListItem\",\"position\":3,\"name\":\"Tr\u00e1mites y Solicitudes\"}]},{\"@type\":\"WebSite\",\"@id\":\"https:\/\/www.contraloriameta.gov.co\/#website\",\"url\":\"https:\/\/www.contraloriameta.gov.co\/\",\"name\":\"Contralor\u00eda Departamental del Meta\",\"description\":\"\",\"publisher\":{\"@id\":\"https:\/\/www.contraloriameta.gov.co\/#organization\"},\"potentialAction\":[{\"@type\":\"SearchAction\",\"target\":{\"@type\":\"EntryPoint\",\"urlTemplate\":\"https:\/\/www.contraloriameta.gov.co\/?s={search_term_string}\"},\"query-input\":{\"@type\":\"PropertyValueSpecification\",\"valueRequired\":true,\"valueName\":\"search_term_string\"}}],\"inLanguage\":\"es\"},{\"@type\":\"Organization\",\"@id\":\"https:\/\/www.contraloriameta.gov.co\/#organization\",\"name\":\"Contralor\u00eda Departamental del Meta\",\"url\":\"https:\/\/www.contraloriameta.gov.co\/\",\"logo\":{\"@type\":\"ImageObject\",\"inLanguage\":\"es\",\"@id\":\"https:\/\/www.contraloriameta.gov.co\/#\/schema\/logo\/image\/\",\"url\":\"https:\/\/www.contraloriameta.gov.co\/wp-content\/uploads\/LOGO_CDM_01.jpg\",\"contentUrl\":\"https:\/\/www.contraloriameta.gov.co\/wp-content\/uploads\/LOGO_CDM_01.jpg\",\"width\":2372,\"height\":876,\"caption\":\"Contralor\u00eda Departamental del Meta\"},\"image\":{\"@id\":\"https:\/\/www.contraloriameta.gov.co\/#\/schema\/logo\/image\/\"},\"sameAs\":[\"https:\/\/www.facebook.com\/ContraloriaMeta\",\"https:\/\/x.com\/ContraloriaMeta\",\"https:\/\/instagram.com\/contraloria.meta\"]}]}<\/script>\n<!-- \/ Yoast SEO plugin. -->","yoast_head_json":{"title":"Tr\u00e1mites y Solicitudes - Contralor\u00eda Departamental del Meta","robots":{"index":"index","follow":"follow","max-snippet":"max-snippet:-1","max-image-preview":"max-image-preview:large","max-video-preview":"max-video-preview:-1"},"canonical":"https:\/\/www.contraloriameta.gov.co\/?page_id=6848","og_locale":"es_ES","og_type":"article","og_title":"Tr\u00e1mites y Solicitudes - Contralor\u00eda Departamental del Meta","og_description":"La Contralor\u00eda Departamental del Meta no tiene tr\u00e1mites y servicios a su cargo, toda vez que los \u00d3rganos de Control Fiscal no adelantan tr\u00e1mites y de conformidad a la Ley 962 de 2005 y Decreto 019 de 2012 como Ente de Control esta exento\u00a0de lo correspondiente. Usted podr\u00e1 encontrar portafolio de servicios para que conozca [&hellip;]","og_url":"https:\/\/www.contraloriameta.gov.co\/?page_id=6848","og_site_name":"Contralor\u00eda Departamental del Meta","article_publisher":"https:\/\/www.facebook.com\/ContraloriaMeta","article_modified_time":"2023-11-20T03:12:59+00:00","twitter_card":"summary_large_image","twitter_site":"@ContraloriaMeta","twitter_misc":{"Tiempo de lectura":"1 minuto"},"schema":{"@context":"https:\/\/schema.org","@graph":[{"@type":"WebPage","@id":"https:\/\/www.contraloriameta.gov.co\/?page_id=6848","url":"https:\/\/www.contraloriameta.gov.co\/?page_id=6848","name":"Tr\u00e1mites y Solicitudes - Contralor\u00eda Departamental del Meta","isPartOf":{"@id":"https:\/\/www.contraloriameta.gov.co\/#website"},"datePublished":"2022-03-08T14:03:49+00:00","dateModified":"2023-11-20T03:12:59+00:00","breadcrumb":{"@id":"https:\/\/www.contraloriameta.gov.co\/?page_id=6848#breadcrumb"},"inLanguage":"es","potentialAction":[{"@type":"ReadAction","target":["https:\/\/www.contraloriameta.gov.co\/?page_id=6848"]}]},{"@type":"BreadcrumbList","@id":"https:\/\/www.contraloriameta.gov.co\/?page_id=6848#breadcrumb","itemListElement":[{"@type":"ListItem","position":1,"name":"Portada","item":"https:\/\/www.contraloriameta.gov.co\/"},{"@type":"ListItem","position":2,"name":"Ciudadan\u00eda","item":"https:\/\/www.contraloriameta.gov.co\/?page_id=43"},{"@type":"ListItem","position":3,"name":"Tr\u00e1mites y Solicitudes"}]},{"@type":"WebSite","@id":"https:\/\/www.contraloriameta.gov.co\/#website","url":"https:\/\/www.contraloriameta.gov.co\/","name":"Contralor\u00eda Departamental del Meta","description":"","publisher":{"@id":"https:\/\/www.contraloriameta.gov.co\/#organization"},"potentialAction":[{"@type":"SearchAction","target":{"@type":"EntryPoint","urlTemplate":"https:\/\/www.contraloriameta.gov.co\/?s={search_term_string}"},"query-input":{"@type":"PropertyValueSpecification","valueRequired":true,"valueName":"search_term_string"}}],"inLanguage":"es"},{"@type":"Organization","@id":"https:\/\/www.contraloriameta.gov.co\/#organization","name":"Contralor\u00eda Departamental del Meta","url":"https:\/\/www.contraloriameta.gov.co\/","logo":{"@type":"ImageObject","inLanguage":"es","@id":"https:\/\/www.contraloriameta.gov.co\/#\/schema\/logo\/image\/","url":"https:\/\/www.contraloriameta.gov.co\/wp-content\/uploads\/LOGO_CDM_01.jpg","contentUrl":"https:\/\/www.contraloriameta.gov.co\/wp-content\/uploads\/LOGO_CDM_01.jpg","width":2372,"height":876,"caption":"Contralor\u00eda Departamental del Meta"},"image":{"@id":"https:\/\/www.contraloriameta.gov.co\/#\/schema\/logo\/image\/"},"sameAs":["https:\/\/www.facebook.com\/ContraloriaMeta","https:\/\/x.com\/ContraloriaMeta","https:\/\/instagram.com\/contraloria.meta"]}]}},"_links":{"self":[{"href":"https:\/\/www.contraloriameta.gov.co\/index.php?rest_route=\/wp\/v2\/pages\/6848","targetHints":{"allow":["GET"]}}],"collection":[{"href":"https:\/\/www.contraloriameta.gov.co\/index.php?rest_route=\/wp\/v2\/pages"}],"about":[{"href":"https:\/\/www.contraloriameta.gov.co\/index.php?rest_route=\/wp\/v2\/types\/page"}],"author":[{"embeddable":true,"href":"https:\/\/www.contraloriameta.gov.co\/index.php?rest_route=\/wp\/v2\/users\/6"}],"replies":[{"embeddable":true,"href":"https:\/\/www.contraloriameta.gov.co\/index.php?rest_route=%2Fwp%2Fv2%2Fcomments&post=6848"}],"version-history":[{"count":0,"href":"https:\/\/www.contraloriameta.gov.co\/index.php?rest_route=\/wp\/v2\/pages\/6848\/revisions"}],"up":[{"embeddable":true,"href":"https:\/\/www.contraloriameta.gov.co\/index.php?rest_route=\/wp\/v2\/pages\/43"}],"wp:attachment":[{"href":"https:\/\/www.contraloriameta.gov.co\/index.php?rest_route=%2Fwp%2Fv2%2Fmedia&parent=6848"}],"curies":[{"name":"wp","href":"https:\/\/api.w.org\/{rel}","templated":true}]}}