{"id":40904,"date":"2024-08-15T11:02:06","date_gmt":"2024-08-15T16:02:06","guid":{"rendered":"https:\/\/www.contraloriameta.gov.co\/?page_id=40904"},"modified":"2026-04-24T10:28:04","modified_gmt":"2026-04-24T15:28:04","slug":"consulta-ciudadana","status":"publish","type":"page","link":"https:\/\/www.contraloriameta.gov.co\/?page_id=40904","title":{"rendered":"Consulta ciudadana"},"content":{"rendered":"\t\t<div data-elementor-type=\"wp-page\" data-elementor-id=\"40904\" class=\"elementor elementor-40904\" data-elementor-post-type=\"page\">\n\t\t\t\t<div class=\"elementor-element elementor-element-b0c643e e-flex e-con-boxed e-con e-parent\" data-id=\"b0c643e\" data-element_type=\"container\" data-e-type=\"container\">\n\t\t\t\t\t<div class=\"e-con-inner\">\n\t\t\t\t<div class=\"elementor-element elementor-element-9c3ab38 elementor-widget elementor-widget-text-editor\" data-id=\"9c3ab38\" data-element_type=\"widget\" data-e-type=\"widget\" data-widget_type=\"text-editor.default\">\n\t\t\t\t<div class=\"elementor-widget-container\">\n\t\t\t\t\t\t\t\t\t<h2>Consulta Ciudadana<\/h2><p>\u00a0<\/p><p><strong>Sujetos que pueden participar:<\/strong>\u00a0En la formulaci\u00f3n de las pol\u00edticas de la Contralor\u00eda Departamental del Meta &#8211; CDM, pueden participar todas las personas residentes en Colombia y sus organizaciones sociales.<\/p><p>\u00a0<\/p><p><strong>Medios presenciales y electr\u00f3nicos:<\/strong>\u00a0Los medios presenciales y electr\u00f3nicos para la participaci\u00f3n en la formulaci\u00f3n de pol\u00edticas de la CDM, son los espacios de interacci\u00f3n con la ciudadan\u00eda y sus organizaciones sociales, tales como audiencias p\u00fablicas, audiencias de rendici\u00f3n de cuentas, foros, etc. Los medios electr\u00f3nicos ser\u00e1n los dispuestos para la presentaci\u00f3n de solicitudes y aquellos espec\u00edficos que se ofrezcan en el periodo de dise\u00f1o y tr\u00e1mite de las pol\u00edticas y marcos normativos relacionados con la ciudadan\u00eda y sus organizaciones. Los relacionados con los mecanismos de contacto con el sujeto obligado.<\/p>\t\t\t\t\t\t\t\t<\/div>\n\t\t\t\t<\/div>\n\t\t\t\t\t<\/div>\n\t\t\t\t<\/div>\n\t\t<div class=\"elementor-element elementor-element-8d95eb6 e-grid e-con-boxed e-con e-parent\" data-id=\"8d95eb6\" data-element_type=\"container\" data-e-type=\"container\">\n\t\t\t\t\t<div class=\"e-con-inner\">\n\t\t\t\t<div class=\"elementor-element elementor-element-7552d8b elementor-widget elementor-widget-image\" data-id=\"7552d8b\" data-element_type=\"widget\" data-e-type=\"widget\" data-widget_type=\"image.default\">\n\t\t\t\t<div class=\"elementor-widget-container\">\n\t\t\t\t\t\t\t\t\t\t\t\t<figure class=\"wp-caption\">\n\t\t\t\t\t\t\t\t\t\t\t<a href=\"http:\/\/172.16.1.4\/PETICIONES\/\">\n\t\t\t\t\t\t\t<img decoding=\"async\" width=\"142\" height=\"140\" src=\"https:\/\/www.contraloriameta.gov.co\/wp-content\/uploads\/BOTON-PQRS-1.png\" class=\"attachment-large size-large wp-image-34017\" alt=\"\" \/>\t\t\t\t\t\t\t\t<\/a>\n\t\t\t\t\t\t\t\t\t\t\t<figcaption class=\"widget-image-caption wp-caption-text\">P.Q.R.S.<\/figcaption>\n\t\t\t\t\t\t\t\t\t\t<\/figure>\n\t\t\t\t\t\t\t\t\t<\/div>\n\t\t\t\t<\/div>\n\t\t\t\t<div class=\"elementor-element elementor-element-5ed244c elementor-widget elementor-widget-image\" data-id=\"5ed244c\" data-element_type=\"widget\" data-e-type=\"widget\" data-widget_type=\"image.default\">\n\t\t\t\t<div class=\"elementor-widget-container\">\n\t\t\t\t\t\t\t\t\t\t\t\t<figure class=\"wp-caption\">\n\t\t\t\t\t\t\t\t\t\t\t<a href=\"https:\/\/forms.gle\/25LzskngdxWkvgqY7\">\n\t\t\t\t\t\t\t<img decoding=\"async\" width=\"150\" height=\"150\" src=\"https:\/\/www.contraloriameta.gov.co\/wp-content\/uploads\/ENCUESTA-150x150.jpg\" class=\"attachment-thumbnail size-thumbnail wp-image-8420\" alt=\"\" srcset=\"https:\/\/www.contraloriameta.gov.co\/wp-content\/uploads\/ENCUESTA-150x150.jpg 150w, https:\/\/www.contraloriameta.gov.co\/wp-content\/uploads\/ENCUESTA-180x180.jpg 180w, https:\/\/www.contraloriameta.gov.co\/wp-content\/uploads\/ENCUESTA-300x300.jpg 300w, https:\/\/www.contraloriameta.gov.co\/wp-content\/uploads\/ENCUESTA-600x600.jpg 600w\" sizes=\"(max-width: 150px) 100vw, 150px\" \/>\t\t\t\t\t\t\t\t<\/a>\n\t\t\t\t\t\t\t\t\t\t\t<figcaption class=\"widget-image-caption wp-caption-text\">Encuesta<\/figcaption>\n\t\t\t\t\t\t\t\t\t\t<\/figure>\n\t\t\t\t\t\t\t\t\t<\/div>\n\t\t\t\t<\/div>\n\t\t\t\t\t<\/div>\n\t\t\t\t<\/div>\n\t\t\t\t<\/div>\n\t\t","protected":false},"excerpt":{"rendered":"<p>Consulta Ciudadana \u00a0 Sujetos que pueden participar:\u00a0En la formulaci\u00f3n de las pol\u00edticas de la Contralor\u00eda Departamental del Meta &#8211; CDM, pueden participar todas las personas residentes en Colombia y sus organizaciones sociales. \u00a0 Medios presenciales y electr\u00f3nicos:\u00a0Los medios presenciales y electr\u00f3nicos para la participaci\u00f3n en la formulaci\u00f3n de pol\u00edticas de la CDM, son los espacios [&hellip;]<\/p>\n","protected":false},"author":11,"featured_media":0,"parent":40877,"menu_order":0,"comment_status":"closed","ping_status":"closed","template":"","meta":{"footnotes":""},"class_list":["post-40904","page","type-page","status-publish","hentry"],"yoast_head":"<!-- This site is optimized with the Yoast SEO plugin v27.2 - https:\/\/yoast.com\/product\/yoast-seo-wordpress\/ -->\n<title>Consulta ciudadana - Contralor\u00eda Departamental del Meta<\/title>\n<meta name=\"robots\" content=\"index, follow, max-snippet:-1, max-image-preview:large, max-video-preview:-1\" \/>\n<link rel=\"canonical\" href=\"https:\/\/www.contraloriameta.gov.co\/?page_id=40904\" \/>\n<meta property=\"og:locale\" content=\"es_ES\" \/>\n<meta property=\"og:type\" content=\"article\" \/>\n<meta property=\"og:title\" content=\"Consulta ciudadana - Contralor\u00eda Departamental del Meta\" \/>\n<meta property=\"og:description\" content=\"Consulta Ciudadana \u00a0 Sujetos que pueden participar:\u00a0En la formulaci\u00f3n de las pol\u00edticas de la Contralor\u00eda Departamental del Meta &#8211; CDM, pueden participar todas las personas residentes en Colombia y sus organizaciones sociales. \u00a0 Medios presenciales y electr\u00f3nicos:\u00a0Los medios presenciales y electr\u00f3nicos para la participaci\u00f3n en la formulaci\u00f3n de pol\u00edticas de la CDM, son los espacios [&hellip;]\" \/>\n<meta property=\"og:url\" content=\"https:\/\/www.contraloriameta.gov.co\/?page_id=40904\" \/>\n<meta property=\"og:site_name\" content=\"Contralor\u00eda Departamental del Meta\" \/>\n<meta property=\"article:publisher\" content=\"https:\/\/www.facebook.com\/ContraloriaMeta\" \/>\n<meta property=\"article:modified_time\" content=\"2026-04-24T15:28:04+00:00\" \/>\n<meta property=\"og:image\" content=\"https:\/\/www.contraloriameta.gov.co\/wp-content\/uploads\/BOTON-PQRS-1.png\" \/>\n\t<meta property=\"og:image:width\" content=\"142\" \/>\n\t<meta property=\"og:image:height\" content=\"140\" \/>\n\t<meta property=\"og:image:type\" content=\"image\/png\" \/>\n<meta name=\"twitter:card\" content=\"summary_large_image\" \/>\n<meta name=\"twitter:site\" content=\"@ContraloriaMeta\" \/>\n<meta name=\"twitter:label1\" content=\"Tiempo de lectura\" \/>\n\t<meta name=\"twitter:data1\" content=\"1 minuto\" \/>\n<script type=\"application\/ld+json\" class=\"yoast-schema-graph\">{\"@context\":\"https:\/\/schema.org\",\"@graph\":[{\"@type\":\"WebPage\",\"@id\":\"https:\/\/www.contraloriameta.gov.co\/?page_id=40904\",\"url\":\"https:\/\/www.contraloriameta.gov.co\/?page_id=40904\",\"name\":\"Consulta ciudadana - Contralor\u00eda Departamental del Meta\",\"isPartOf\":{\"@id\":\"https:\/\/www.contraloriameta.gov.co\/#website\"},\"primaryImageOfPage\":{\"@id\":\"https:\/\/www.contraloriameta.gov.co\/?page_id=40904#primaryimage\"},\"image\":{\"@id\":\"https:\/\/www.contraloriameta.gov.co\/?page_id=40904#primaryimage\"},\"thumbnailUrl\":\"https:\/\/www.contraloriameta.gov.co\/wp-content\/uploads\/BOTON-PQRS-1.png\",\"datePublished\":\"2024-08-15T16:02:06+00:00\",\"dateModified\":\"2026-04-24T15:28:04+00:00\",\"breadcrumb\":{\"@id\":\"https:\/\/www.contraloriameta.gov.co\/?page_id=40904#breadcrumb\"},\"inLanguage\":\"es\",\"potentialAction\":[{\"@type\":\"ReadAction\",\"target\":[\"https:\/\/www.contraloriameta.gov.co\/?page_id=40904\"]}]},{\"@type\":\"ImageObject\",\"inLanguage\":\"es\",\"@id\":\"https:\/\/www.contraloriameta.gov.co\/?page_id=40904#primaryimage\",\"url\":\"https:\/\/www.contraloriameta.gov.co\/wp-content\/uploads\/BOTON-PQRS-1.png\",\"contentUrl\":\"https:\/\/www.contraloriameta.gov.co\/wp-content\/uploads\/BOTON-PQRS-1.png\",\"width\":142,\"height\":140},{\"@type\":\"BreadcrumbList\",\"@id\":\"https:\/\/www.contraloriameta.gov.co\/?page_id=40904#breadcrumb\",\"itemListElement\":[{\"@type\":\"ListItem\",\"position\":1,\"name\":\"Portada\",\"item\":\"https:\/\/www.contraloriameta.gov.co\/\"},{\"@type\":\"ListItem\",\"position\":2,\"name\":\"Participa\",\"item\":\"https:\/\/www.contraloriameta.gov.co\/?page_id=40877\"},{\"@type\":\"ListItem\",\"position\":3,\"name\":\"Consulta ciudadana\"}]},{\"@type\":\"WebSite\",\"@id\":\"https:\/\/www.contraloriameta.gov.co\/#website\",\"url\":\"https:\/\/www.contraloriameta.gov.co\/\",\"name\":\"Contralor\u00eda Departamental del Meta\",\"description\":\"\",\"publisher\":{\"@id\":\"https:\/\/www.contraloriameta.gov.co\/#organization\"},\"potentialAction\":[{\"@type\":\"SearchAction\",\"target\":{\"@type\":\"EntryPoint\",\"urlTemplate\":\"https:\/\/www.contraloriameta.gov.co\/?s={search_term_string}\"},\"query-input\":{\"@type\":\"PropertyValueSpecification\",\"valueRequired\":true,\"valueName\":\"search_term_string\"}}],\"inLanguage\":\"es\"},{\"@type\":\"Organization\",\"@id\":\"https:\/\/www.contraloriameta.gov.co\/#organization\",\"name\":\"Contralor\u00eda Departamental del Meta\",\"url\":\"https:\/\/www.contraloriameta.gov.co\/\",\"logo\":{\"@type\":\"ImageObject\",\"inLanguage\":\"es\",\"@id\":\"https:\/\/www.contraloriameta.gov.co\/#\/schema\/logo\/image\/\",\"url\":\"https:\/\/www.contraloriameta.gov.co\/wp-content\/uploads\/LOGO_CDM_01.jpg\",\"contentUrl\":\"https:\/\/www.contraloriameta.gov.co\/wp-content\/uploads\/LOGO_CDM_01.jpg\",\"width\":2372,\"height\":876,\"caption\":\"Contralor\u00eda Departamental del Meta\"},\"image\":{\"@id\":\"https:\/\/www.contraloriameta.gov.co\/#\/schema\/logo\/image\/\"},\"sameAs\":[\"https:\/\/www.facebook.com\/ContraloriaMeta\",\"https:\/\/x.com\/ContraloriaMeta\",\"https:\/\/instagram.com\/contraloria.meta\"]}]}<\/script>\n<!-- \/ Yoast SEO plugin. -->","yoast_head_json":{"title":"Consulta ciudadana - Contralor\u00eda Departamental del Meta","robots":{"index":"index","follow":"follow","max-snippet":"max-snippet:-1","max-image-preview":"max-image-preview:large","max-video-preview":"max-video-preview:-1"},"canonical":"https:\/\/www.contraloriameta.gov.co\/?page_id=40904","og_locale":"es_ES","og_type":"article","og_title":"Consulta ciudadana - Contralor\u00eda Departamental del Meta","og_description":"Consulta Ciudadana \u00a0 Sujetos que pueden participar:\u00a0En la formulaci\u00f3n de las pol\u00edticas de la Contralor\u00eda Departamental del Meta &#8211; CDM, pueden participar todas las personas residentes en Colombia y sus organizaciones sociales. \u00a0 Medios presenciales y electr\u00f3nicos:\u00a0Los medios presenciales y electr\u00f3nicos para la participaci\u00f3n en la formulaci\u00f3n de pol\u00edticas de la CDM, son los espacios [&hellip;]","og_url":"https:\/\/www.contraloriameta.gov.co\/?page_id=40904","og_site_name":"Contralor\u00eda Departamental del Meta","article_publisher":"https:\/\/www.facebook.com\/ContraloriaMeta","article_modified_time":"2026-04-24T15:28:04+00:00","og_image":[{"width":142,"height":140,"url":"https:\/\/www.contraloriameta.gov.co\/wp-content\/uploads\/BOTON-PQRS-1.png","type":"image\/png"}],"twitter_card":"summary_large_image","twitter_site":"@ContraloriaMeta","twitter_misc":{"Tiempo de lectura":"1 minuto"},"schema":{"@context":"https:\/\/schema.org","@graph":[{"@type":"WebPage","@id":"https:\/\/www.contraloriameta.gov.co\/?page_id=40904","url":"https:\/\/www.contraloriameta.gov.co\/?page_id=40904","name":"Consulta ciudadana - Contralor\u00eda Departamental del Meta","isPartOf":{"@id":"https:\/\/www.contraloriameta.gov.co\/#website"},"primaryImageOfPage":{"@id":"https:\/\/www.contraloriameta.gov.co\/?page_id=40904#primaryimage"},"image":{"@id":"https:\/\/www.contraloriameta.gov.co\/?page_id=40904#primaryimage"},"thumbnailUrl":"https:\/\/www.contraloriameta.gov.co\/wp-content\/uploads\/BOTON-PQRS-1.png","datePublished":"2024-08-15T16:02:06+00:00","dateModified":"2026-04-24T15:28:04+00:00","breadcrumb":{"@id":"https:\/\/www.contraloriameta.gov.co\/?page_id=40904#breadcrumb"},"inLanguage":"es","potentialAction":[{"@type":"ReadAction","target":["https:\/\/www.contraloriameta.gov.co\/?page_id=40904"]}]},{"@type":"ImageObject","inLanguage":"es","@id":"https:\/\/www.contraloriameta.gov.co\/?page_id=40904#primaryimage","url":"https:\/\/www.contraloriameta.gov.co\/wp-content\/uploads\/BOTON-PQRS-1.png","contentUrl":"https:\/\/www.contraloriameta.gov.co\/wp-content\/uploads\/BOTON-PQRS-1.png","width":142,"height":140},{"@type":"BreadcrumbList","@id":"https:\/\/www.contraloriameta.gov.co\/?page_id=40904#breadcrumb","itemListElement":[{"@type":"ListItem","position":1,"name":"Portada","item":"https:\/\/www.contraloriameta.gov.co\/"},{"@type":"ListItem","position":2,"name":"Participa","item":"https:\/\/www.contraloriameta.gov.co\/?page_id=40877"},{"@type":"ListItem","position":3,"name":"Consulta ciudadana"}]},{"@type":"WebSite","@id":"https:\/\/www.contraloriameta.gov.co\/#website","url":"https:\/\/www.contraloriameta.gov.co\/","name":"Contralor\u00eda Departamental del Meta","description":"","publisher":{"@id":"https:\/\/www.contraloriameta.gov.co\/#organization"},"potentialAction":[{"@type":"SearchAction","target":{"@type":"EntryPoint","urlTemplate":"https:\/\/www.contraloriameta.gov.co\/?s={search_term_string}"},"query-input":{"@type":"PropertyValueSpecification","valueRequired":true,"valueName":"search_term_string"}}],"inLanguage":"es"},{"@type":"Organization","@id":"https:\/\/www.contraloriameta.gov.co\/#organization","name":"Contralor\u00eda Departamental del Meta","url":"https:\/\/www.contraloriameta.gov.co\/","logo":{"@type":"ImageObject","inLanguage":"es","@id":"https:\/\/www.contraloriameta.gov.co\/#\/schema\/logo\/image\/","url":"https:\/\/www.contraloriameta.gov.co\/wp-content\/uploads\/LOGO_CDM_01.jpg","contentUrl":"https:\/\/www.contraloriameta.gov.co\/wp-content\/uploads\/LOGO_CDM_01.jpg","width":2372,"height":876,"caption":"Contralor\u00eda Departamental del Meta"},"image":{"@id":"https:\/\/www.contraloriameta.gov.co\/#\/schema\/logo\/image\/"},"sameAs":["https:\/\/www.facebook.com\/ContraloriaMeta","https:\/\/x.com\/ContraloriaMeta","https:\/\/instagram.com\/contraloria.meta"]}]}},"_links":{"self":[{"href":"https:\/\/www.contraloriameta.gov.co\/index.php?rest_route=\/wp\/v2\/pages\/40904","targetHints":{"allow":["GET"]}}],"collection":[{"href":"https:\/\/www.contraloriameta.gov.co\/index.php?rest_route=\/wp\/v2\/pages"}],"about":[{"href":"https:\/\/www.contraloriameta.gov.co\/index.php?rest_route=\/wp\/v2\/types\/page"}],"author":[{"embeddable":true,"href":"https:\/\/www.contraloriameta.gov.co\/index.php?rest_route=\/wp\/v2\/users\/11"}],"replies":[{"embeddable":true,"href":"https:\/\/www.contraloriameta.gov.co\/index.php?rest_route=%2Fwp%2Fv2%2Fcomments&post=40904"}],"version-history":[{"count":16,"href":"https:\/\/www.contraloriameta.gov.co\/index.php?rest_route=\/wp\/v2\/pages\/40904\/revisions"}],"predecessor-version":[{"id":43747,"href":"https:\/\/www.contraloriameta.gov.co\/index.php?rest_route=\/wp\/v2\/pages\/40904\/revisions\/43747"}],"up":[{"embeddable":true,"href":"https:\/\/www.contraloriameta.gov.co\/index.php?rest_route=\/wp\/v2\/pages\/40877"}],"wp:attachment":[{"href":"https:\/\/www.contraloriameta.gov.co\/index.php?rest_route=%2Fwp%2Fv2%2Fmedia&parent=40904"}],"curies":[{"name":"wp","href":"https:\/\/api.w.org\/{rel}","templated":true}]}}