{"id":11803,"date":"2023-02-01T09:13:48","date_gmt":"2023-02-01T14:13:48","guid":{"rendered":"http:\/\/www.contraloriameta.gov.co\/sitio\/?page_id=11803"},"modified":"2023-02-01T10:40:29","modified_gmt":"2023-02-01T15:40:29","slug":"satisfaccion-actividades-participacion-ciudadana","status":"publish","type":"page","link":"https:\/\/www.contraloriameta.gov.co\/?page_id=11803","title":{"rendered":"Satisfacci\u00f3n actividades Participaci\u00f3n Ciudadana"},"content":{"rendered":"<p>[vc_row][vc_column][vc_tta_tabs][vc_tta_section title=\u00bb2022&#8243; tab_id=\u00bb2022&#8243;][vc_column_text][download id=\u00bb31920&#8243;][\/vc_column_text][\/vc_tta_section][vc_tta_section title=\u00bb2021&#8243; tab_id=\u00bb2021&#8243;][\/vc_tta_section][vc_tta_section title=\u00bb2020&#8243; tab_id=\u00bb2020&#8243;][\/vc_tta_section][vc_tta_section title=\u00bb2019&#8243; tab_id=\u00bb2019&#8243;][vc_column_text]&nbsp;<\/p>\n<p>[download id=\u00bb15487&#8243;]<\/p>\n<p>&nbsp;<\/p>\n<p>[download id=\u00bb15492&#8243;]<\/p>\n<p>&nbsp;<\/p>\n<p>[download id=\u00bb15496&#8243;]<\/p>\n<p>&nbsp;<\/p>\n<p>[download id=\u00bb16508&#8243;]<\/p>\n<p>&nbsp;<\/p>\n<p>&nbsp;[\/vc_column_text][\/vc_tta_section][vc_tta_section title=\u00bb2018&#8243; tab_id=\u00bb1535646203901-eadf2a3e-0b31&#8243;][vc_column_text][download id=\u00bb12251&#8243;]<\/p>\n<p>&nbsp;<\/p>\n<p>[download id=\u00bb13696&#8243;]<\/p>\n<p>&nbsp;<\/p>\n<p>[download id=\u00bb13699&#8243;][\/vc_column_text][\/vc_tta_section][vc_tta_section title=\u00bb2017&#8243; tab_id=\u00bb1532441377472-78233811-55c6&#8243;][vc_column_text][download id=\u00bb12255&#8243;]<\/p>\n<p>[download id=\u00bb11835&#8243;]<\/p>\n<p>[download id=\u00bb11838&#8243;]<\/p>\n<p>[download id=\u00bb11841&#8243;][\/vc_column_text][\/vc_tta_section][vc_tta_section title=\u00bb2016&#8243; tab_id=\u00bb1532441377518-0939b72e-ea54&#8243;][vc_column_text][download id=\u00bb11848&#8243;]<\/p>\n<p>&nbsp;<\/p>\n<p>[download id=\u00bb11851&#8243;]<\/p>\n<p>&nbsp;<\/p>\n<p>[download id=\u00bb11854&#8243;][\/vc_column_text][\/vc_tta_section][\/vc_tta_tabs][\/vc_column][\/vc_row]<\/p>\n","protected":false},"excerpt":{"rendered":"<p>[vc_row][vc_column][vc_tta_tabs][vc_tta_section title=\u00bb2022&#8243; tab_id=\u00bb2022&#8243;][vc_column_text][download id=\u00bb31920&#8243;][\/vc_column_text][\/vc_tta_section][vc_tta_section title=\u00bb2021&#8243; tab_id=\u00bb2021&#8243;][\/vc_tta_section][vc_tta_section title=\u00bb2020&#8243; tab_id=\u00bb2020&#8243;][\/vc_tta_section][vc_tta_section title=\u00bb2019&#8243; tab_id=\u00bb2019&#8243;][vc_column_text]&nbsp; [download id=\u00bb15487&#8243;] &nbsp; [download id=\u00bb15492&#8243;] &nbsp; [download id=\u00bb15496&#8243;] &nbsp; [download id=\u00bb16508&#8243;] &nbsp; &nbsp;[\/vc_column_text][\/vc_tta_section][vc_tta_section title=\u00bb2018&#8243; tab_id=\u00bb1535646203901-eadf2a3e-0b31&#8243;][vc_column_text][download id=\u00bb12251&#8243;] &nbsp; [download id=\u00bb13696&#8243;] &nbsp; [download id=\u00bb13699&#8243;][\/vc_column_text][\/vc_tta_section][vc_tta_section title=\u00bb2017&#8243; tab_id=\u00bb1532441377472-78233811-55c6&#8243;][vc_column_text][download id=\u00bb12255&#8243;] [download id=\u00bb11835&#8243;] [download id=\u00bb11838&#8243;] [download id=\u00bb11841&#8243;][\/vc_column_text][\/vc_tta_section][vc_tta_section title=\u00bb2016&#8243; tab_id=\u00bb1532441377518-0939b72e-ea54&#8243;][vc_column_text][download id=\u00bb11848&#8243;] &nbsp; [download id=\u00bb11851&#8243;] &nbsp; [download id=\u00bb11854&#8243;][\/vc_column_text][\/vc_tta_section][\/vc_tta_tabs][\/vc_column][\/vc_row]<\/p>\n","protected":false},"author":6,"featured_media":0,"parent":6981,"menu_order":0,"comment_status":"closed","ping_status":"closed","template":"","meta":{"footnotes":""},"class_list":["post-11803","page","type-page","status-publish","hentry"],"yoast_head":"<!-- This site is optimized with the Yoast SEO plugin v27.2 - https:\/\/yoast.com\/product\/yoast-seo-wordpress\/ -->\n<title>Satisfacci\u00f3n actividades Participaci\u00f3n Ciudadana - Contralor\u00eda Departamental del Meta<\/title>\n<meta name=\"robots\" content=\"index, follow, max-snippet:-1, max-image-preview:large, max-video-preview:-1\" \/>\n<link rel=\"canonical\" href=\"https:\/\/www.contraloriameta.gov.co\/?page_id=11803\" \/>\n<meta property=\"og:locale\" content=\"es_ES\" \/>\n<meta property=\"og:type\" content=\"article\" \/>\n<meta property=\"og:title\" content=\"Satisfacci\u00f3n actividades Participaci\u00f3n Ciudadana - Contralor\u00eda Departamental del Meta\" \/>\n<meta property=\"og:description\" content=\"[vc_row][vc_column][vc_tta_tabs][vc_tta_section title=\u00bb2022&#8243; tab_id=\u00bb2022&#8243;][vc_column_text][download id=\u00bb31920&#8243;][\/vc_column_text][\/vc_tta_section][vc_tta_section title=\u00bb2021&#8243; tab_id=\u00bb2021&#8243;][\/vc_tta_section][vc_tta_section title=\u00bb2020&#8243; tab_id=\u00bb2020&#8243;][\/vc_tta_section][vc_tta_section title=\u00bb2019&#8243; tab_id=\u00bb2019&#8243;][vc_column_text]&nbsp; [download id=\u00bb15487&#8243;] &nbsp; [download id=\u00bb15492&#8243;] &nbsp; [download id=\u00bb15496&#8243;] &nbsp; [download id=\u00bb16508&#8243;] &nbsp; &nbsp;[\/vc_column_text][\/vc_tta_section][vc_tta_section title=\u00bb2018&#8243; tab_id=\u00bb1535646203901-eadf2a3e-0b31&#8243;][vc_column_text][download id=\u00bb12251&#8243;] &nbsp; [download id=\u00bb13696&#8243;] &nbsp; [download id=\u00bb13699&#8243;][\/vc_column_text][\/vc_tta_section][vc_tta_section title=\u00bb2017&#8243; tab_id=\u00bb1532441377472-78233811-55c6&#8243;][vc_column_text][download id=\u00bb12255&#8243;] [download id=\u00bb11835&#8243;] [download id=\u00bb11838&#8243;] [download id=\u00bb11841&#8243;][\/vc_column_text][\/vc_tta_section][vc_tta_section title=\u00bb2016&#8243; tab_id=\u00bb1532441377518-0939b72e-ea54&#8243;][vc_column_text][download id=\u00bb11848&#8243;] &nbsp; [download id=\u00bb11851&#8243;] &nbsp; [download id=\u00bb11854&#8243;][\/vc_column_text][\/vc_tta_section][\/vc_tta_tabs][\/vc_column][\/vc_row]\" \/>\n<meta property=\"og:url\" content=\"https:\/\/www.contraloriameta.gov.co\/?page_id=11803\" \/>\n<meta property=\"og:site_name\" content=\"Contralor\u00eda Departamental del Meta\" \/>\n<meta property=\"article:publisher\" content=\"https:\/\/www.facebook.com\/ContraloriaMeta\" \/>\n<meta property=\"article:modified_time\" content=\"2023-02-01T15:40:29+00:00\" \/>\n<meta name=\"twitter:card\" content=\"summary_large_image\" \/>\n<meta name=\"twitter:site\" content=\"@ContraloriaMeta\" \/>\n<meta name=\"twitter:label1\" content=\"Tiempo de lectura\" \/>\n\t<meta name=\"twitter:data1\" content=\"1 minuto\" \/>\n<script type=\"application\/ld+json\" class=\"yoast-schema-graph\">{\"@context\":\"https:\/\/schema.org\",\"@graph\":[{\"@type\":\"WebPage\",\"@id\":\"https:\/\/www.contraloriameta.gov.co\/?page_id=11803\",\"url\":\"https:\/\/www.contraloriameta.gov.co\/?page_id=11803\",\"name\":\"Satisfacci\u00f3n actividades Participaci\u00f3n Ciudadana - Contralor\u00eda Departamental del Meta\",\"isPartOf\":{\"@id\":\"https:\/\/www.contraloriameta.gov.co\/#website\"},\"datePublished\":\"2023-02-01T14:13:48+00:00\",\"dateModified\":\"2023-02-01T15:40:29+00:00\",\"breadcrumb\":{\"@id\":\"https:\/\/www.contraloriameta.gov.co\/?page_id=11803#breadcrumb\"},\"inLanguage\":\"es\",\"potentialAction\":[{\"@type\":\"ReadAction\",\"target\":[\"https:\/\/www.contraloriameta.gov.co\/?page_id=11803\"]}]},{\"@type\":\"BreadcrumbList\",\"@id\":\"https:\/\/www.contraloriameta.gov.co\/?page_id=11803#breadcrumb\",\"itemListElement\":[{\"@type\":\"ListItem\",\"position\":1,\"name\":\"Portada\",\"item\":\"https:\/\/www.contraloriameta.gov.co\/\"},{\"@type\":\"ListItem\",\"position\":2,\"name\":\"Ciudadan\u00eda\",\"item\":\"https:\/\/www.contraloriameta.gov.co\/?page_id=43\"},{\"@type\":\"ListItem\",\"position\":3,\"name\":\"Satisfacci\u00f3n del Cliente\",\"item\":\"https:\/\/www.contraloriameta.gov.co\/?page_id=6981\"},{\"@type\":\"ListItem\",\"position\":4,\"name\":\"Satisfacci\u00f3n actividades Participaci\u00f3n Ciudadana\"}]},{\"@type\":\"WebSite\",\"@id\":\"https:\/\/www.contraloriameta.gov.co\/#website\",\"url\":\"https:\/\/www.contraloriameta.gov.co\/\",\"name\":\"Contralor\u00eda Departamental del Meta\",\"description\":\"\",\"publisher\":{\"@id\":\"https:\/\/www.contraloriameta.gov.co\/#organization\"},\"potentialAction\":[{\"@type\":\"SearchAction\",\"target\":{\"@type\":\"EntryPoint\",\"urlTemplate\":\"https:\/\/www.contraloriameta.gov.co\/?s={search_term_string}\"},\"query-input\":{\"@type\":\"PropertyValueSpecification\",\"valueRequired\":true,\"valueName\":\"search_term_string\"}}],\"inLanguage\":\"es\"},{\"@type\":\"Organization\",\"@id\":\"https:\/\/www.contraloriameta.gov.co\/#organization\",\"name\":\"Contralor\u00eda Departamental del Meta\",\"url\":\"https:\/\/www.contraloriameta.gov.co\/\",\"logo\":{\"@type\":\"ImageObject\",\"inLanguage\":\"es\",\"@id\":\"https:\/\/www.contraloriameta.gov.co\/#\/schema\/logo\/image\/\",\"url\":\"https:\/\/www.contraloriameta.gov.co\/wp-content\/uploads\/LOGO_CDM_01.jpg\",\"contentUrl\":\"https:\/\/www.contraloriameta.gov.co\/wp-content\/uploads\/LOGO_CDM_01.jpg\",\"width\":2372,\"height\":876,\"caption\":\"Contralor\u00eda Departamental del Meta\"},\"image\":{\"@id\":\"https:\/\/www.contraloriameta.gov.co\/#\/schema\/logo\/image\/\"},\"sameAs\":[\"https:\/\/www.facebook.com\/ContraloriaMeta\",\"https:\/\/x.com\/ContraloriaMeta\",\"https:\/\/instagram.com\/contraloria.meta\"]}]}<\/script>\n<!-- \/ Yoast SEO plugin. -->","yoast_head_json":{"title":"Satisfacci\u00f3n actividades Participaci\u00f3n Ciudadana - Contralor\u00eda Departamental del Meta","robots":{"index":"index","follow":"follow","max-snippet":"max-snippet:-1","max-image-preview":"max-image-preview:large","max-video-preview":"max-video-preview:-1"},"canonical":"https:\/\/www.contraloriameta.gov.co\/?page_id=11803","og_locale":"es_ES","og_type":"article","og_title":"Satisfacci\u00f3n actividades Participaci\u00f3n Ciudadana - Contralor\u00eda Departamental del Meta","og_description":"[vc_row][vc_column][vc_tta_tabs][vc_tta_section title=\u00bb2022&#8243; tab_id=\u00bb2022&#8243;][vc_column_text][download id=\u00bb31920&#8243;][\/vc_column_text][\/vc_tta_section][vc_tta_section title=\u00bb2021&#8243; tab_id=\u00bb2021&#8243;][\/vc_tta_section][vc_tta_section title=\u00bb2020&#8243; tab_id=\u00bb2020&#8243;][\/vc_tta_section][vc_tta_section title=\u00bb2019&#8243; tab_id=\u00bb2019&#8243;][vc_column_text]&nbsp; [download id=\u00bb15487&#8243;] &nbsp; [download id=\u00bb15492&#8243;] &nbsp; [download id=\u00bb15496&#8243;] &nbsp; [download id=\u00bb16508&#8243;] &nbsp; &nbsp;[\/vc_column_text][\/vc_tta_section][vc_tta_section title=\u00bb2018&#8243; tab_id=\u00bb1535646203901-eadf2a3e-0b31&#8243;][vc_column_text][download id=\u00bb12251&#8243;] &nbsp; [download id=\u00bb13696&#8243;] &nbsp; [download id=\u00bb13699&#8243;][\/vc_column_text][\/vc_tta_section][vc_tta_section title=\u00bb2017&#8243; tab_id=\u00bb1532441377472-78233811-55c6&#8243;][vc_column_text][download id=\u00bb12255&#8243;] [download id=\u00bb11835&#8243;] [download id=\u00bb11838&#8243;] [download id=\u00bb11841&#8243;][\/vc_column_text][\/vc_tta_section][vc_tta_section title=\u00bb2016&#8243; tab_id=\u00bb1532441377518-0939b72e-ea54&#8243;][vc_column_text][download id=\u00bb11848&#8243;] &nbsp; [download id=\u00bb11851&#8243;] &nbsp; [download id=\u00bb11854&#8243;][\/vc_column_text][\/vc_tta_section][\/vc_tta_tabs][\/vc_column][\/vc_row]","og_url":"https:\/\/www.contraloriameta.gov.co\/?page_id=11803","og_site_name":"Contralor\u00eda Departamental del Meta","article_publisher":"https:\/\/www.facebook.com\/ContraloriaMeta","article_modified_time":"2023-02-01T15:40:29+00:00","twitter_card":"summary_large_image","twitter_site":"@ContraloriaMeta","twitter_misc":{"Tiempo de lectura":"1 minuto"},"schema":{"@context":"https:\/\/schema.org","@graph":[{"@type":"WebPage","@id":"https:\/\/www.contraloriameta.gov.co\/?page_id=11803","url":"https:\/\/www.contraloriameta.gov.co\/?page_id=11803","name":"Satisfacci\u00f3n actividades Participaci\u00f3n Ciudadana - Contralor\u00eda Departamental del Meta","isPartOf":{"@id":"https:\/\/www.contraloriameta.gov.co\/#website"},"datePublished":"2023-02-01T14:13:48+00:00","dateModified":"2023-02-01T15:40:29+00:00","breadcrumb":{"@id":"https:\/\/www.contraloriameta.gov.co\/?page_id=11803#breadcrumb"},"inLanguage":"es","potentialAction":[{"@type":"ReadAction","target":["https:\/\/www.contraloriameta.gov.co\/?page_id=11803"]}]},{"@type":"BreadcrumbList","@id":"https:\/\/www.contraloriameta.gov.co\/?page_id=11803#breadcrumb","itemListElement":[{"@type":"ListItem","position":1,"name":"Portada","item":"https:\/\/www.contraloriameta.gov.co\/"},{"@type":"ListItem","position":2,"name":"Ciudadan\u00eda","item":"https:\/\/www.contraloriameta.gov.co\/?page_id=43"},{"@type":"ListItem","position":3,"name":"Satisfacci\u00f3n del Cliente","item":"https:\/\/www.contraloriameta.gov.co\/?page_id=6981"},{"@type":"ListItem","position":4,"name":"Satisfacci\u00f3n actividades Participaci\u00f3n Ciudadana"}]},{"@type":"WebSite","@id":"https:\/\/www.contraloriameta.gov.co\/#website","url":"https:\/\/www.contraloriameta.gov.co\/","name":"Contralor\u00eda Departamental del Meta","description":"","publisher":{"@id":"https:\/\/www.contraloriameta.gov.co\/#organization"},"potentialAction":[{"@type":"SearchAction","target":{"@type":"EntryPoint","urlTemplate":"https:\/\/www.contraloriameta.gov.co\/?s={search_term_string}"},"query-input":{"@type":"PropertyValueSpecification","valueRequired":true,"valueName":"search_term_string"}}],"inLanguage":"es"},{"@type":"Organization","@id":"https:\/\/www.contraloriameta.gov.co\/#organization","name":"Contralor\u00eda Departamental del Meta","url":"https:\/\/www.contraloriameta.gov.co\/","logo":{"@type":"ImageObject","inLanguage":"es","@id":"https:\/\/www.contraloriameta.gov.co\/#\/schema\/logo\/image\/","url":"https:\/\/www.contraloriameta.gov.co\/wp-content\/uploads\/LOGO_CDM_01.jpg","contentUrl":"https:\/\/www.contraloriameta.gov.co\/wp-content\/uploads\/LOGO_CDM_01.jpg","width":2372,"height":876,"caption":"Contralor\u00eda Departamental del Meta"},"image":{"@id":"https:\/\/www.contraloriameta.gov.co\/#\/schema\/logo\/image\/"},"sameAs":["https:\/\/www.facebook.com\/ContraloriaMeta","https:\/\/x.com\/ContraloriaMeta","https:\/\/instagram.com\/contraloria.meta"]}]}},"_links":{"self":[{"href":"https:\/\/www.contraloriameta.gov.co\/index.php?rest_route=\/wp\/v2\/pages\/11803","targetHints":{"allow":["GET"]}}],"collection":[{"href":"https:\/\/www.contraloriameta.gov.co\/index.php?rest_route=\/wp\/v2\/pages"}],"about":[{"href":"https:\/\/www.contraloriameta.gov.co\/index.php?rest_route=\/wp\/v2\/types\/page"}],"author":[{"embeddable":true,"href":"https:\/\/www.contraloriameta.gov.co\/index.php?rest_route=\/wp\/v2\/users\/6"}],"replies":[{"embeddable":true,"href":"https:\/\/www.contraloriameta.gov.co\/index.php?rest_route=%2Fwp%2Fv2%2Fcomments&post=11803"}],"version-history":[{"count":0,"href":"https:\/\/www.contraloriameta.gov.co\/index.php?rest_route=\/wp\/v2\/pages\/11803\/revisions"}],"up":[{"embeddable":true,"href":"https:\/\/www.contraloriameta.gov.co\/index.php?rest_route=\/wp\/v2\/pages\/6981"}],"wp:attachment":[{"href":"https:\/\/www.contraloriameta.gov.co\/index.php?rest_route=%2Fwp%2Fv2%2Fmedia&parent=11803"}],"curies":[{"name":"wp","href":"https:\/\/api.w.org\/{rel}","templated":true}]}}